
1627
Calculate the remainder when 14753 is divided by 68.
65
Calculate the remainder when 42343 is divided by 4232.
23
Calculate the remainder when 44327 is divided by 110.
107
What is the remainder when 1025 is divided by 61?
49
Calculate the remainder when 105392 is divided by 49.
42
Calculate the remainder when 111773 is divided by 22.
13
What is the remainder when 13837 is divided by 580?
497
What is the remainder when 13602314 is divided by 91?
89
Calculate the remainder when 4546 is divided by 411.
25
What is the remainder when 22728 is divided by 1190?
118
Calculate the remainder when 832 is divided by 214.
190
Calculate the remainder when 349152 is divided by 15179.
35
Calculate the remainder when 926 is divided by 611.
315
Calculate the remainder when 1343 is divided by 324.
47
What is the remainder when 10317 is divided by 1477?
1455
What is the remainder when 29009 is divided by 65?
19
Calculate the remainder when 46300 is divided by 49.
44
Calculate the remainder when 1164 is divided by 101.
53
What is the remainder when 9426 is divided by 1341?
39
What is the remainder when 16661 is divided by 68?
1
What is the remainder when 48296 is divided by 19?
17
Calculate the remainder when 19337 is divided by 42.
17
What is the remainder when 9918 is divided by 62?
60
Calculate the remainder when 105779 is divided by 8.
3
Calculate the remainder when 7966 is divided by 2619.
109
Calculate the remainder when 25871 is divided by 51.
14
What is the remainder when 13536 is divided by 973?
887
Calculate the remainder when 269618 is divided by 67402.
10
Calculate the remainder when 33466 is divided by 5.
1
What is the remainder when 2121 is divided by 62?
13
What is the remainder when 23722 is divided by 30?
22
What is the remainder when 56013 is divided by 7000?
13
What is the remainder when 2889653 is divided by 11?
8
What is the remainder when 73195 is divided by 18268?
123
What is the remainder when 15464 is divided by 614?
114
Calculate the remainder when 160935 is divided by 41.
10
Calculate the remainder when 57625 is divided by 196.
1
What is the remainder when 47973 is divided by 7994?
9
What is the remainder when 2290 is divided by 170?
80
What is the remainder when 2817 is divided by 59?
44
Calculate the remainder when 975613 is divided by 592.
589
What is the remainder when 21592 is divided by 7193?
13
What is the remainder when 46645 is divided by 248?
21
Calculate the remainder when 1538928 is divided by 65.
53
Calculate the remainder when 167414 is divided by 68.
66
What is the remainder when 228113 is divided by 62?
15
What is the remainder when 16761 is divided by 4184?
25
Calculate the remainder when 47623 is divided by 45.
13
Calculate the remainder when 1638 is divided by 814.
10
What is the remainder when 3217 is divided by 154?
137
What is the remainder when 1141501 is divided by 13?
10
Calculate the remainder when 6762 is divided by 17.
13
Calculate the remainder when 26702 is divided by 162.
134
What is the remainder when 35227 is divided by 201?
52
What is the remainder when 2151 is divided by 83?
76
Calculate the remainder when 6935 is divided by 3404.
127
Calculate the remainder when 150478 is divided by 50155.
13
What is the remainder when 1772 is divided by 479?
335
What is the remainder when 11548 is divided by 5?
3
What is the remainder when 8072 is divided by 2454?
710
Calculate the remainder when 1967 is divided by 555.
302
What is the remainder when 2040 is divided by 1014?
12
What is the remainder when 1802 is divided by 108?
74
What is the remainder when 92718 is divided by 518?
514
Calculate the remainder when 23306 is divided by 32.
10
What is the remainder when 2676 is divided by 198?
102
What is the remainder when 21680 is divided by 3085?
85
What is the remainder when 6674 is divided by 14?
10
Calculate the remainder when 2598 is divided by 842.
72
What is the remainder when 13981 is divided by 10?
1
Calculate the remainder when 98448 is divided by 24611.
4
What is the remainder when 1839364 is divided by 331?
328
What is the remainder when 1888 is divided by 398?
296
Calculate the remainder when 37045 is divided by 21.
1
Calculate the remainder when 370503 is divided by 8.
7
Calculate the remainder when 2217 is divided by 1857.
360
What is the remainder when 58894 is divided by 14719?
18
What is the remainder when 4476 is divided by 2036?
404
What is the remainder when 824176 is divided by 412080?
16
Calculate the remainder when 35424 is divided by 25.
24
What is the remainder when 625 is divided by 177?
94
What is the remainder when 137358 is divided by 21?
18
What is the remainder when 323235 is divided by 19?
7
Calculate the remainder when 3592398 is divided by 100.
98
Calculate the remainder when 4874 is divided by 48.
26
What is the remainder when 548221 is divided by 14?
9
Calculate the remainder when 60976 is divided by 60974.
2
What is the remainder when 830014 is divided by 11?
9
What is the remainder when 240566 is divided by 99?
95
Calculate the remainder when 2778 is divided by 2710.
68
Calculate the remainder when 302494 is divided by 3980.
14
Calculate the remainder when 47772 is divided by 15918.
18
Calculate the remainder when 4010 is divided by 77.
6
What is the remainder when 40820 is divided by 3680?
340
Calculate the remainder when 17657 is divided by 412.
353
Calculate the remainder when 1166 is divided by 87.
35
Calculate the remainder when 7835 is divided by 2576.
107
What is the remainder when 3656 is divided by 1197?
65
Calculate the remainder when 58304 is divided by 260.
64
What is the remainder when 6389 is divided by 25?
14
Calculate the remainder when 87362 is divided by 25.
12
What is the remainder when 4544 is divided by 299?
59
Calculate the remainder when 1106 is divided by 157.
7
Calculate the remainder when 5601 is divided by 57.
15
Calculate the remainder when 59975 is divided by 15.
5
Calculate the remainder when 1584 is divided by 259.
30
What is the remainder when 12655 is divided by 218?
11
What is the remainder when 16116 is divided by 84?
72
What is the remainder when 9966 is divided by 13?
8
Calculate the remainder when 5018633 is divided by 604.
601
Calculate the remainder when 4473117 is divided by 16.
13
What is the remainder when 412932 is divided by 2162?
2152
What is the remainder when 2107 is divided by 50?
7
Calculate the remainder when 4087 is divided by 11.
6
What is the remainder when 32134 is divided by 104?
102
What is the remainder when 130628 is divided by 321?
302
What is the remainder when 1233 is divided by 20?
13
What is the remainder when 80807 is divided by 273?
272
What is the remainder when 10972 is divided by 1810?
112
What is the remainder when 135 is divided by 35?
30
Calculate the remainder when 158860 is divided by 113.
95
What is the remainder when 4151 is divided by 3963?
188
Calculate the remainder when 14122 is divided by 44.
42
Calculate the remainder when 43014 is divided by 843.
21
Calculate the remainder when 68895 is divided by 260.
255
What is the remainder when 3846 is divided by 413?
129
What is the remainder when 13042 is divided by 94?
70
What is the remainder when 58339 is divided by 46?
11
Calculate the remainder when 2526 is divided by 305.
86
What is the remainder when 7233 is divided by 328?
17
Calculate the remainder when 10184 is divided by 61.
58
What is the remainder when 7063 is divided by 880?
23
What is the remainder when 60737 is divided by 552?
17
Calculate the remainder when 42119 is divided by 312.
311
Calculate the remainder when 3832 is divided by 294.
10
What is the remainder when 2960 is divided by 423?
422
Calculate the remainder when 1615 is divided by 1245.
370
What is the remainder when 3487 is divided by 1643?
201
What is the remainder when 110682 is divided by 469?
467
Calculate the remainder when 9818 is divided by 1520.
698
Calculate the remainder when 7570 is divided by 972.
766
Calculate the remainder when 7510929 is divided by 66.
63
What is the remainder when 155133 is divided by 24?
21
Calculate the remainder when 146591 is divided by 6980.
11
Calculate the remainder when 61903 is divided by 13.
10
Calculate the remainder when 40479 is divided by 59.
5
Calculate the remainder when 